{"id":14,"date":"2022-11-07T20:38:21","date_gmt":"2022-11-07T20:38:21","guid":{"rendered":"https:\/\/arbolesdenavidadgt.com\/?page_id=14"},"modified":"2025-06-16T16:31:09","modified_gmt":"2025-06-16T16:31:09","slug":"home","status":"publish","type":"page","link":"https:\/\/arbolesdenavidadgt.com\/","title":{"rendered":"Inicio"},"content":{"rendered":"\t\t<div data-elementor-type=\"wp-page\" data-elementor-id=\"14\" class=\"elementor elementor-14\">\n\t\t\t\t\t\t<section class=\"elementor-section elementor-top-section elementor-element elementor-element-81e3ce0 elementor-section-content-top elementor-section-boxed elementor-section-height-default elementor-section-height-default\" data-id=\"81e3ce0\" data-element_type=\"section\">\n\t\t\t\t\t\t<div class=\"elementor-container elementor-column-gap-default\">\n\t\t\t\t\t<div class=\"elementor-column elementor-col-100 elementor-top-column elementor-element elementor-element-b12b494\" data-id=\"b12b494\" data-element_type=\"column\">\n\t\t\t<div class=\"elementor-widget-wrap elementor-element-populated\">\n\t\t\t\t\t\t<div class=\"elementor-element elementor-element-1358792 elementor-widget__width-inherit elementor-arrows-position-inside elementor-widget elementor-widget-image-carousel\" data-id=\"1358792\" data-element_type=\"widget\" data-settings=\"{&quot;slides_to_show&quot;:&quot;1&quot;,&quot;navigation&quot;:&quot;arrows&quot;,&quot;autoplay&quot;:&quot;yes&quot;,&quot;pause_on_hover&quot;:&quot;yes&quot;,&quot;pause_on_interaction&quot;:&quot;yes&quot;,&quot;autoplay_speed&quot;:5000,&quot;infinite&quot;:&quot;yes&quot;,&quot;effect&quot;:&quot;slide&quot;,&quot;speed&quot;:500}\" data-widget_type=\"image-carousel.default\">\n\t\t\t\t<div class=\"elementor-widget-container\">\n\t\t\t\t\t<div class=\"elementor-image-carousel-wrapper swiper\" dir=\"ltr\">\n\t\t\t<div class=\"elementor-image-carousel swiper-wrapper swiper-image-stretch\" aria-live=\"off\">\n\t\t\t\t\t\t\t\t<div class=\"swiper-slide\" role=\"group\" aria-roledescription=\"slide\" aria-label=\"1 de 3\"><figure class=\"swiper-slide-inner\"><img decoding=\"async\" class=\"swiper-slide-image\" src=\"https:\/\/arbolesdenavidadgt.com\/wp-content\/uploads\/2024\/11\/baner1.jpg\" alt=\"baner1\" \/><\/figure><\/div><div class=\"swiper-slide\" role=\"group\" aria-roledescription=\"slide\" aria-label=\"2 de 3\"><figure class=\"swiper-slide-inner\"><img decoding=\"async\" class=\"swiper-slide-image\" src=\"https:\/\/arbolesdenavidadgt.com\/wp-content\/uploads\/2024\/11\/baner2.jpg\" alt=\"baner2\" \/><\/figure><\/div><div class=\"swiper-slide\" role=\"group\" aria-roledescription=\"slide\" aria-label=\"3 de 3\"><figure class=\"swiper-slide-inner\"><img decoding=\"async\" class=\"swiper-slide-image\" src=\"https:\/\/arbolesdenavidadgt.com\/wp-content\/uploads\/2022\/11\/baner2.jpeg\" alt=\"baner2\" \/><\/figure><\/div>\t\t\t<\/div>\n\t\t\t\t\t\t\t\t\t\t\t\t<div class=\"elementor-swiper-button elementor-swiper-button-prev\" role=\"button\" tabindex=\"0\">\n\t\t\t\t\t\t<i aria-hidden=\"true\" class=\"eicon-chevron-left\"><\/i>\t\t\t\t\t<\/div>\n\t\t\t\t\t<div class=\"elementor-swiper-button elementor-swiper-button-next\" role=\"button\" tabindex=\"0\">\n\t\t\t\t\t\t<i aria-hidden=\"true\" class=\"eicon-chevron-right\"><\/i>\t\t\t\t\t<\/div>\n\t\t\t\t\n\t\t\t\t\t\t\t\t\t<\/div>\n\t\t\t\t<\/div>\n\t\t\t\t<\/div>\n\t\t\t\t\t<\/div>\n\t\t<\/div>\n\t\t\t\t\t<\/div>\n\t\t<\/section>\n\t\t\t\t<section class=\"elementor-section elementor-top-section elementor-element elementor-element-4ba353c elementor-section-boxed elementor-section-height-default elementor-section-height-default\" data-id=\"4ba353c\" data-element_type=\"section\" data-settings=\"{&quot;shape_divider_top&quot;:&quot;book&quot;,&quot;shape_divider_bottom&quot;:&quot;book&quot;}\">\n\t\t\t\t\t\t\t<div class=\"elementor-background-overlay\"><\/div>\n\t\t\t\t\t\t<div class=\"elementor-shape elementor-shape-top\" data-negative=\"false\">\n\t\t\t<svg xmlns=\"http:\/\/www.w3.org\/2000\/svg\" viewBox=\"0 0 1000 100\" preserveAspectRatio=\"none\">\n\t<path class=\"elementor-shape-fill\" d=\"M194,99c186.7,0.7,305-78.3,306-97.2c1,18.9,119.3,97.9,306,97.2c114.3-0.3,194,0.3,194,0.3s0-91.7,0-100c0,0,0,0,0-0 L0,0v99.3C0,99.3,79.7,98.7,194,99z\"\/>\n<\/svg>\t\t<\/div>\n\t\t\t\t<div class=\"elementor-shape elementor-shape-bottom\" data-negative=\"false\">\n\t\t\t<svg xmlns=\"http:\/\/www.w3.org\/2000\/svg\" viewBox=\"0 0 1000 100\" preserveAspectRatio=\"none\">\n\t<path class=\"elementor-shape-fill\" d=\"M194,99c186.7,0.7,305-78.3,306-97.2c1,18.9,119.3,97.9,306,97.2c114.3-0.3,194,0.3,194,0.3s0-91.7,0-100c0,0,0,0,0-0 L0,0v99.3C0,99.3,79.7,98.7,194,99z\"\/>\n<\/svg>\t\t<\/div>\n\t\t\t\t\t<div class=\"elementor-container elementor-column-gap-default\">\n\t\t\t\t\t<div class=\"elementor-column elementor-col-50 elementor-top-column elementor-element elementor-element-2701d24\" data-id=\"2701d24\" data-element_type=\"column\">\n\t\t\t<div class=\"elementor-widget-wrap elementor-element-populated\">\n\t\t\t\t\t\t<div class=\"elementor-element elementor-element-d8e98a4 elementor-widget elementor-widget-image\" data-id=\"d8e98a4\" data-element_type=\"widget\" data-widget_type=\"image.default\">\n\t\t\t\t<div class=\"elementor-widget-container\">\n\t\t\t\t\t\t\t\t\t\t\t\t\t<img fetchpriority=\"high\" decoding=\"async\" width=\"640\" height=\"402\" src=\"https:\/\/arbolesdenavidadgt.com\/wp-content\/uploads\/2022\/11\/ABAJO-DE-BANER1-1-1024x643.jpg\" class=\"attachment-large size-large wp-image-261\" alt=\"\" srcset=\"https:\/\/arbolesdenavidadgt.com\/wp-content\/uploads\/2022\/11\/ABAJO-DE-BANER1-1-1024x643.jpg 1024w, https:\/\/arbolesdenavidadgt.com\/wp-content\/uploads\/2022\/11\/ABAJO-DE-BANER1-1-300x188.jpg 300w, https:\/\/arbolesdenavidadgt.com\/wp-content\/uploads\/2022\/11\/ABAJO-DE-BANER1-1-768x483.jpg 768w, https:\/\/arbolesdenavidadgt.com\/wp-content\/uploads\/2022\/11\/ABAJO-DE-BANER1-1-1536x965.jpg 1536w, https:\/\/arbolesdenavidadgt.com\/wp-content\/uploads\/2022\/11\/ABAJO-DE-BANER1-1-2048x1287.jpg 2048w, https:\/\/arbolesdenavidadgt.com\/wp-content\/uploads\/2022\/11\/ABAJO-DE-BANER1-1-600x377.jpg 600w\" sizes=\"(max-width: 640px) 100vw, 640px\" \/>\t\t\t\t\t\t\t\t\t\t\t\t\t<\/div>\n\t\t\t\t<\/div>\n\t\t\t\t\t<\/div>\n\t\t<\/div>\n\t\t\t\t<div class=\"elementor-column elementor-col-50 elementor-top-column elementor-element elementor-element-8adb83f\" data-id=\"8adb83f\" data-element_type=\"column\">\n\t\t\t<div class=\"elementor-widget-wrap elementor-element-populated\">\n\t\t\t\t\t\t<div class=\"elementor-element elementor-element-b751816 elementor-widget elementor-widget-image\" data-id=\"b751816\" data-element_type=\"widget\" data-widget_type=\"image.default\">\n\t\t\t\t<div class=\"elementor-widget-container\">\n\t\t\t\t\t\t\t\t\t\t\t\t\t<img decoding=\"async\" width=\"640\" height=\"403\" src=\"https:\/\/arbolesdenavidadgt.com\/wp-content\/uploads\/2022\/11\/ABAJO-DE-BANER2-2-768x483.jpg\" class=\"attachment-medium_large size-medium_large wp-image-258\" alt=\"\" srcset=\"https:\/\/arbolesdenavidadgt.com\/wp-content\/uploads\/2022\/11\/ABAJO-DE-BANER2-2-768x483.jpg 768w, https:\/\/arbolesdenavidadgt.com\/wp-content\/uploads\/2022\/11\/ABAJO-DE-BANER2-2-300x188.jpg 300w, https:\/\/arbolesdenavidadgt.com\/wp-content\/uploads\/2022\/11\/ABAJO-DE-BANER2-2-1024x643.jpg 1024w, https:\/\/arbolesdenavidadgt.com\/wp-content\/uploads\/2022\/11\/ABAJO-DE-BANER2-2-1536x965.jpg 1536w, https:\/\/arbolesdenavidadgt.com\/wp-content\/uploads\/2022\/11\/ABAJO-DE-BANER2-2-2048x1287.jpg 2048w, https:\/\/arbolesdenavidadgt.com\/wp-content\/uploads\/2022\/11\/ABAJO-DE-BANER2-2-600x377.jpg 600w\" sizes=\"(max-width: 640px) 100vw, 640px\" \/>\t\t\t\t\t\t\t\t\t\t\t\t\t<\/div>\n\t\t\t\t<\/div>\n\t\t\t\t\t<\/div>\n\t\t<\/div>\n\t\t\t\t\t<\/div>\n\t\t<\/section>\n\t\t\t\t<section class=\"elementor-section elementor-top-section elementor-element elementor-element-f37d755 elementor-section-boxed elementor-section-height-default elementor-section-height-default\" data-id=\"f37d755\" data-element_type=\"section\">\n\t\t\t\t\t\t<div class=\"elementor-container elementor-column-gap-default\">\n\t\t\t\t\t<div class=\"elementor-column elementor-col-100 elementor-top-column elementor-element elementor-element-77d3027\" data-id=\"77d3027\" data-element_type=\"column\">\n\t\t\t<div class=\"elementor-widget-wrap elementor-element-populated\">\n\t\t\t\t\t\t<div class=\"elementor-element elementor-element-ba7ab6c elementor-widget elementor-widget-heading\" data-id=\"ba7ab6c\" data-element_type=\"widget\" data-widget_type=\"heading.default\">\n\t\t\t\t<div class=\"elementor-widget-container\">\n\t\t\t<h2 class=\"elementor-heading-title elementor-size-default\">Productos y m\u00e1s<\/h2>\t\t<\/div>\n\t\t\t\t<\/div>\n\t\t\t\t\t<\/div>\n\t\t<\/div>\n\t\t\t\t\t<\/div>\n\t\t<\/section>\n\t\t\t\t<section class=\"elementor-section elementor-top-section elementor-element elementor-element-f32d1cd elementor-section-boxed elementor-section-height-default elementor-section-height-default\" data-id=\"f32d1cd\" data-element_type=\"section\" data-settings=\"{&quot;shape_divider_bottom&quot;:&quot;curve-asymmetrical&quot;}\">\n\t\t\t\t\t\t\t<div class=\"elementor-background-overlay\"><\/div>\n\t\t\t\t\t\t<div class=\"elementor-shape elementor-shape-bottom\" data-negative=\"false\">\n\t\t\t<svg xmlns=\"http:\/\/www.w3.org\/2000\/svg\" viewBox=\"0 0 1000 100\" preserveAspectRatio=\"none\">\n\t<path class=\"elementor-shape-fill\" d=\"M0,0c0,0,0,6,0,6.7c0,18,240.2,93.6,615.2,92.6C989.8,98.5,1000,25,1000,6.7c0-0.7,0-6.7,0-6.7H0z\"\/>\n<\/svg>\t\t<\/div>\n\t\t\t\t\t<div class=\"elementor-container elementor-column-gap-default\">\n\t\t\t\t\t<div class=\"elementor-column elementor-col-50 elementor-top-column elementor-element elementor-element-12f4a97\" data-id=\"12f4a97\" data-element_type=\"column\">\n\t\t\t<div class=\"elementor-widget-wrap elementor-element-populated\">\n\t\t\t\t\t\t<div class=\"elementor-element elementor-element-1cb314c elementor-widget elementor-widget-image\" data-id=\"1cb314c\" data-element_type=\"widget\" data-widget_type=\"image.default\">\n\t\t\t\t<div class=\"elementor-widget-container\">\n\t\t\t\t\t\t\t\t\t\t\t\t\t\t<a href=\"https:\/\/arbolesdenavidadgt.com\/index.php\/categoria-producto\/complementos\/\">\n\t\t\t\t\t\t\t<img decoding=\"async\" src=\"https:\/\/arbolesdenavidadgt.com\/wp-content\/uploads\/2022\/11\/complementos.jpg\" title=\"\" alt=\"\" loading=\"lazy\" \/>\t\t\t\t\t\t\t\t<\/a>\n\t\t\t\t\t\t\t\t\t\t\t\t\t<\/div>\n\t\t\t\t<\/div>\n\t\t\t\t<div class=\"elementor-element elementor-element-7dc1405 elementor-widget elementor-widget-image\" data-id=\"7dc1405\" data-element_type=\"widget\" data-widget_type=\"image.default\">\n\t\t\t\t<div class=\"elementor-widget-container\">\n\t\t\t\t\t\t\t\t\t\t\t\t\t<img decoding=\"async\" width=\"640\" height=\"640\" src=\"https:\/\/arbolesdenavidadgt.com\/wp-content\/uploads\/2022\/11\/WhatsApp-Image-2022-11-09-at-3.35.13-PM-1024x1024.jpeg\" class=\"attachment-large size-large wp-image-171\" alt=\"\" srcset=\"https:\/\/arbolesdenavidadgt.com\/wp-content\/uploads\/2022\/11\/WhatsApp-Image-2022-11-09-at-3.35.13-PM-1024x1024.jpeg 1024w, https:\/\/arbolesdenavidadgt.com\/wp-content\/uploads\/2022\/11\/WhatsApp-Image-2022-11-09-at-3.35.13-PM-300x300.jpeg 300w, https:\/\/arbolesdenavidadgt.com\/wp-content\/uploads\/2022\/11\/WhatsApp-Image-2022-11-09-at-3.35.13-PM-150x150.jpeg 150w, https:\/\/arbolesdenavidadgt.com\/wp-content\/uploads\/2022\/11\/WhatsApp-Image-2022-11-09-at-3.35.13-PM-768x767.jpeg 768w, https:\/\/arbolesdenavidadgt.com\/wp-content\/uploads\/2022\/11\/WhatsApp-Image-2022-11-09-at-3.35.13-PM-600x600.jpeg 600w, https:\/\/arbolesdenavidadgt.com\/wp-content\/uploads\/2022\/11\/WhatsApp-Image-2022-11-09-at-3.35.13-PM-100x100.jpeg 100w, https:\/\/arbolesdenavidadgt.com\/wp-content\/uploads\/2022\/11\/WhatsApp-Image-2022-11-09-at-3.35.13-PM.jpeg 1280w\" sizes=\"(max-width: 640px) 100vw, 640px\" \/>\t\t\t\t\t\t\t\t\t\t\t\t\t<\/div>\n\t\t\t\t<\/div>\n\t\t\t\t<div class=\"elementor-element elementor-element-52a7d81 elementor-widget elementor-widget-heading\" data-id=\"52a7d81\" data-element_type=\"widget\" data-widget_type=\"heading.default\">\n\t\t\t\t<div class=\"elementor-widget-container\">\n\t\t\t<h3 class=\"elementor-heading-title elementor-size-default\">CATALOGO<\/h3>\t\t<\/div>\n\t\t\t\t<\/div>\n\t\t\t\t<div class=\"elementor-element elementor-element-60eb2ed elementor-align-center elementor-widget elementor-widget-button\" data-id=\"60eb2ed\" data-element_type=\"widget\" data-widget_type=\"button.default\">\n\t\t\t\t<div class=\"elementor-widget-container\">\n\t\t\t\t\t\t\t<div class=\"elementor-button-wrapper\">\n\t\t\t\t\t<a class=\"elementor-button elementor-button-link elementor-size-sm\" href=\"https:\/\/arbolesdenavidadgt.com\/index.php\/arboles\/\">\n\t\t\t\t\t\t<span class=\"elementor-button-content-wrapper\">\n\t\t\t\t\t\t\t\t\t<span class=\"elementor-button-text\">VER M\u00c1S<\/span>\n\t\t\t\t\t<\/span>\n\t\t\t\t\t<\/a>\n\t\t\t\t<\/div>\n\t\t\t\t\t\t<\/div>\n\t\t\t\t<\/div>\n\t\t\t\t\t<\/div>\n\t\t<\/div>\n\t\t\t\t<div class=\"elementor-column elementor-col-50 elementor-top-column elementor-element elementor-element-b13b83b\" data-id=\"b13b83b\" data-element_type=\"column\">\n\t\t\t<div class=\"elementor-widget-wrap elementor-element-populated\">\n\t\t\t\t\t\t<div class=\"elementor-element elementor-element-301cf39 elementor-widget elementor-widget-image\" data-id=\"301cf39\" data-element_type=\"widget\" data-widget_type=\"image.default\">\n\t\t\t\t<div class=\"elementor-widget-container\">\n\t\t\t\t\t\t\t\t\t\t\t\t\t\t<a href=\"https:\/\/arbolesdenavidadgt.com\/index.php\/responsabilidad-social\/\">\n\t\t\t\t\t\t\t<img decoding=\"async\" src=\"https:\/\/arbolesdenavidadgt.com\/wp-content\/uploads\/2022\/11\/responsabilidad-social-400x400-1.png\" title=\"\" alt=\"\" loading=\"lazy\" \/>\t\t\t\t\t\t\t\t<\/a>\n\t\t\t\t\t\t\t\t\t\t\t\t\t<\/div>\n\t\t\t\t<\/div>\n\t\t\t\t<div class=\"elementor-element elementor-element-1ac04a5 elementor-widget elementor-widget-image\" data-id=\"1ac04a5\" data-element_type=\"widget\" data-widget_type=\"image.default\">\n\t\t\t\t<div class=\"elementor-widget-container\">\n\t\t\t\t\t\t\t\t\t\t\t\t\t<img loading=\"lazy\" decoding=\"async\" width=\"640\" height=\"640\" src=\"https:\/\/arbolesdenavidadgt.com\/wp-content\/uploads\/2022\/11\/WhatsApp-Image-2022-11-09-at-3.35.13-PM-1-1024x1024.jpeg\" class=\"attachment-large size-large wp-image-168\" alt=\"\" srcset=\"https:\/\/arbolesdenavidadgt.com\/wp-content\/uploads\/2022\/11\/WhatsApp-Image-2022-11-09-at-3.35.13-PM-1-1024x1024.jpeg 1024w, https:\/\/arbolesdenavidadgt.com\/wp-content\/uploads\/2022\/11\/WhatsApp-Image-2022-11-09-at-3.35.13-PM-1-300x300.jpeg 300w, https:\/\/arbolesdenavidadgt.com\/wp-content\/uploads\/2022\/11\/WhatsApp-Image-2022-11-09-at-3.35.13-PM-1-150x150.jpeg 150w, https:\/\/arbolesdenavidadgt.com\/wp-content\/uploads\/2022\/11\/WhatsApp-Image-2022-11-09-at-3.35.13-PM-1-768x768.jpeg 768w, https:\/\/arbolesdenavidadgt.com\/wp-content\/uploads\/2022\/11\/WhatsApp-Image-2022-11-09-at-3.35.13-PM-1-600x600.jpeg 600w, https:\/\/arbolesdenavidadgt.com\/wp-content\/uploads\/2022\/11\/WhatsApp-Image-2022-11-09-at-3.35.13-PM-1-100x100.jpeg 100w, https:\/\/arbolesdenavidadgt.com\/wp-content\/uploads\/2022\/11\/WhatsApp-Image-2022-11-09-at-3.35.13-PM-1.jpeg 1280w\" sizes=\"(max-width: 640px) 100vw, 640px\" \/>\t\t\t\t\t\t\t\t\t\t\t\t\t<\/div>\n\t\t\t\t<\/div>\n\t\t\t\t<div class=\"elementor-element elementor-element-db16b17 elementor-widget elementor-widget-heading\" data-id=\"db16b17\" data-element_type=\"widget\" data-widget_type=\"heading.default\">\n\t\t\t\t<div class=\"elementor-widget-container\">\n\t\t\t<h3 class=\"elementor-heading-title elementor-size-default\">RESPONSABILIDAD SOCIAL<\/h3>\t\t<\/div>\n\t\t\t\t<\/div>\n\t\t\t\t<div class=\"elementor-element elementor-element-c2cb6f9 elementor-align-center elementor-widget elementor-widget-button\" data-id=\"c2cb6f9\" data-element_type=\"widget\" data-widget_type=\"button.default\">\n\t\t\t\t<div class=\"elementor-widget-container\">\n\t\t\t\t\t\t\t<div class=\"elementor-button-wrapper\">\n\t\t\t\t\t<a class=\"elementor-button elementor-button-link elementor-size-sm\" href=\"https:\/\/arbolesdenavidadgt.com\/index.php\/responsabilidad-social\/\">\n\t\t\t\t\t\t<span class=\"elementor-button-content-wrapper\">\n\t\t\t\t\t\t\t\t\t<span class=\"elementor-button-text\">VE M\u00c1S<\/span>\n\t\t\t\t\t<\/span>\n\t\t\t\t\t<\/a>\n\t\t\t\t<\/div>\n\t\t\t\t\t\t<\/div>\n\t\t\t\t<\/div>\n\t\t\t\t\t<\/div>\n\t\t<\/div>\n\t\t\t\t\t<\/div>\n\t\t<\/section>\n\t\t\t\t<\/div>\n\t\t","protected":false},"excerpt":{"rendered":"<p>Anterior Siguiente Productos y m\u00e1s CATALOGO VER M\u00c1S RESPONSABILIDAD SOCIAL VE M\u00c1S<\/p>\n","protected":false},"author":1,"featured_media":0,"parent":0,"menu_order":0,"comment_status":"closed","ping_status":"closed","template":"page-templates\/full-width-container.php","meta":{"footnotes":""},"class_list":["post-14","page","type-page","status-publish","hentry"],"jetpack_sharing_enabled":true,"_links":{"self":[{"href":"https:\/\/arbolesdenavidadgt.com\/index.php\/wp-json\/wp\/v2\/pages\/14","targetHints":{"allow":["GET"]}}],"collection":[{"href":"https:\/\/arbolesdenavidadgt.com\/index.php\/wp-json\/wp\/v2\/pages"}],"about":[{"href":"https:\/\/arbolesdenavidadgt.com\/index.php\/wp-json\/wp\/v2\/types\/page"}],"author":[{"embeddable":true,"href":"https:\/\/arbolesdenavidadgt.com\/index.php\/wp-json\/wp\/v2\/users\/1"}],"replies":[{"embeddable":true,"href":"https:\/\/arbolesdenavidadgt.com\/index.php\/wp-json\/wp\/v2\/comments?post=14"}],"version-history":[{"count":93,"href":"https:\/\/arbolesdenavidadgt.com\/index.php\/wp-json\/wp\/v2\/pages\/14\/revisions"}],"predecessor-version":[{"id":370,"href":"https:\/\/arbolesdenavidadgt.com\/index.php\/wp-json\/wp\/v2\/pages\/14\/revisions\/370"}],"wp:attachment":[{"href":"https:\/\/arbolesdenavidadgt.com\/index.php\/wp-json\/wp\/v2\/media?parent=14"}],"curies":[{"name":"wp","href":"https:\/\/api.w.org\/{rel}","templated":true}]}}